{"id":18245,"date":"2024-09-20T16:31:25","date_gmt":"2024-09-20T13:31:25","guid":{"rendered":"https:\/\/esc.idep.org.cy\/?page_id=18245"},"modified":"2024-09-23T12:31:36","modified_gmt":"2024-09-23T09:31:36","slug":"programme-budget","status":"publish","type":"page","link":"https:\/\/esc.idep.org.cy\/tr\/european-solidarity-corps\/programme-budget\/","title":{"rendered":"Pr\u03bfje B\u00fct\u00e7esi"},"content":{"rendered":"\t\t<div data-elementor-type=\"wp-page\" data-elementor-id=\"18245\" class=\"elementor elementor-18245\">\n\t\t\t\t\t\t<section class=\"elementor-section elementor-top-section elementor-element elementor-element-41a71f2 elementor-section-boxed elementor-section-height-default elementor-section-height-default\" data-id=\"41a71f2\" data-element_type=\"section\" data-e-type=\"section\">\n\t\t\t\t\t\t<div class=\"elementor-container elementor-column-gap-default\">\n\t\t\t\t\t<div class=\"elementor-column elementor-col-100 elementor-top-column elementor-element elementor-element-d8fa7d8\" data-id=\"d8fa7d8\" data-element_type=\"column\" data-e-type=\"column\">\n\t\t\t<div class=\"elementor-widget-wrap elementor-element-populated\">\n\t\t\t\t\t\t<div class=\"elementor-element elementor-element-8417049 elementor-widget elementor-widget-text-editor\" data-id=\"8417049\" data-element_type=\"widget\" data-e-type=\"widget\" data-widget_type=\"text-editor.default\">\n\t\t\t\t<div class=\"elementor-widget-container\">\n\t\t\t\t\t\t\t\t\t<p>Bu Ulusal \u00c7a\u011fr\u0131, Avrupa Dayan\u0131\u015fma Program\u0131 ve 2024 Avrupa Dayan\u0131\u015fma Program\u0131 y\u0131ll\u0131k \u00e7al\u0131\u015fma program\u0131n\u0131 [C(2023) 5902] olu\u015fturan 20 May\u0131s 2021 tarihli ve 2021\/888 say\u0131l\u0131 Avrupa Parlamentosu ve Konsey T\u00fcz\u00fc\u011f\u00fcne (AB) dayanan AB Teklif \u00c7a\u011fr\u0131s\u0131n\u0131 tamamlay\u0131c\u0131 niteliktedir. Avrupa Dayan\u0131\u015fma Program\u0131 2021-2027 d\u00f6nemini kapsamaktad\u0131r. Program\u0131n genel ve \u00f6zel hedefleri T\u00fcz\u00fc\u011f\u00fcn 3. Maddesinde belirtilmi\u015ftir.<\/p><p>2024 \u00e7a\u011fr\u0131s\u0131 i\u00e7in, K\u0131br\u0131sl\u0131 yararlan\u0131c\u0131lar\u0131n Avrupa Dayan\u0131\u015fma Program\u0131 kapsam\u0131ndaki faaliyetlere kat\u0131l\u0131m\u0131 i\u00e7in mevcut toplam b\u00fct\u00e7e 1.034.841 Avro&#8217;dur. Fonlar\u0131n da\u011f\u0131l\u0131m\u0131 a\u015fa\u011f\u0131daki gibidir:\u00a0<br \/><br \/><\/p><table class=\"table-format\" border=\"1\" cellspacing=\"0\" cellpadding=\"0\"><tbody><tr><td valign=\"top\"><p><strong>Faaliyet <\/strong><\/p><\/td><td valign=\"top\"><p><strong>B\u00fct\u00e7e<\/strong><\/p><\/td><\/tr><tr><td valign=\"top\"><p>G\u00f6n\u00fcll\u00fc Projeleri<\/p><\/td><td valign=\"top\"><p><strong>\u20ac<\/strong><strong>792.008<\/strong><\/p><\/td><\/tr><tr><td valign=\"top\"><p>Dayan\u0131\u015fma Projeleri<\/p><\/td><td valign=\"top\"><p><strong>\u20ac<\/strong><strong>146.102<\/strong><\/p><\/td><\/tr><tr><td valign=\"top\"><p>G\u00f6n\u00fcll\u00fc Dayan\u0131\u015fma Faaliyetleri i\u00e7in Kalite \u0130\u015fareti<\/p><\/td><td valign=\"top\"><p><strong>\u20ac<\/strong><strong>96.731<\/strong><\/p><\/td><\/tr><\/tbody><\/table>\t\t\t\t\t\t\t\t<\/div>\n\t\t\t\t<\/div>\n\t\t\t\t\t<\/div>\n\t\t<\/div>\n\t\t\t\t\t<\/div>\n\t\t<\/section>\n\t\t\t\t<\/div>\n\t\t","protected":false},"excerpt":{"rendered":"<p>Bu Ulusal \u00c7a\u011fr\u0131, Avrupa Dayan\u0131\u015fma Program\u0131 ve 2024 Avrupa Dayan\u0131\u015fma Program\u0131 y\u0131ll\u0131k \u00e7al\u0131\u015fma program\u0131n\u0131 [C(2023) 5902] olu\u015fturan 20 May\u0131s 2021 tarihli ve 2021\/888 say\u0131l\u0131 Avrupa Parlamentosu ve Konsey T\u00fcz\u00fc\u011f\u00fcne (AB) dayanan AB Teklif \u00c7a\u011fr\u0131s\u0131n\u0131 tamamlay\u0131c\u0131 niteliktedir. Avrupa Dayan\u0131\u015fma Program\u0131 2021-2027&#8230;<\/p>\n","protected":false},"author":1,"featured_media":0,"parent":18243,"menu_order":8,"comment_status":"closed","ping_status":"closed","template":"","meta":{"footnotes":"","_links_to":"","_links_to_target":""},"class_list":["post-18245","page","type-page","status-publish","hentry"],"_links":{"self":[{"href":"https:\/\/esc.idep.org.cy\/tr\/wp-json\/wp\/v2\/pages\/18245","targetHints":{"allow":["GET"]}}],"collection":[{"href":"https:\/\/esc.idep.org.cy\/tr\/wp-json\/wp\/v2\/pages"}],"about":[{"href":"https:\/\/esc.idep.org.cy\/tr\/wp-json\/wp\/v2\/types\/page"}],"author":[{"embeddable":true,"href":"https:\/\/esc.idep.org.cy\/tr\/wp-json\/wp\/v2\/users\/1"}],"replies":[{"embeddable":true,"href":"https:\/\/esc.idep.org.cy\/tr\/wp-json\/wp\/v2\/comments?post=18245"}],"version-history":[{"count":5,"href":"https:\/\/esc.idep.org.cy\/tr\/wp-json\/wp\/v2\/pages\/18245\/revisions"}],"predecessor-version":[{"id":18473,"href":"https:\/\/esc.idep.org.cy\/tr\/wp-json\/wp\/v2\/pages\/18245\/revisions\/18473"}],"up":[{"embeddable":true,"href":"https:\/\/esc.idep.org.cy\/tr\/wp-json\/wp\/v2\/pages\/18243"}],"wp:attachment":[{"href":"https:\/\/esc.idep.org.cy\/tr\/wp-json\/wp\/v2\/media?parent=18245"}],"curies":[{"name":"wp","href":"https:\/\/api.w.org\/{rel}","templated":true}]}}

Prοje Bütçesi

<div data-elementor-type="wp-page" data-elementor-id="18245" class="elementor elementor-18245">
						<section class="elementor-section elementor-top-section elementor-element elementor-element-41a71f2 elementor-section-boxed elementor-section-height-default elementor-section-height-default" data-id="41a71f2" data-element_type="section" data-e-type="section">
						<div class="elementor-container elementor-column-gap-default">
					<div class="elementor-column elementor-col-100 elementor-top-column elementor-element elementor-element-d8fa7d8" data-id="d8fa7d8" data-element_type="column" data-e-type="column">
			<div class="elementor-widget-wrap elementor-element-populated">
						<div class="elementor-element elementor-element-8417049 elementor-widget elementor-widget-text-editor" data-id="8417049" data-element_type="widget" data-e-type="widget" data-widget_type="text-editor.default">
				<div class="elementor-widget-container">
									<p>Bu Ulusal Çağrı, Avrupa Dayanışma Programı ve 2024 Avrupa Dayanışma Programı yıllık çalışma programını [C(2023) 5902] oluşturan 20 Mayıs 2021 tarihli ve 2021/888 sayılı Avrupa Parlamentosu ve Konsey Tüzüğüne (AB) dayanan AB Teklif Çağrısını tamamlayıcı niteliktedir. Avrupa Dayanışma Programı 2021-2027 dönemini kapsamaktadır. Programın genel ve özel hedefleri Tüzüğün 3. Maddesinde belirtilmiştir.</p><p>2024 çağrısı için, Kıbrıslı yararlanıcıların Avrupa Dayanışma Programı kapsamındaki faaliyetlere katılımı için mevcut toplam bütçe 1.034.841 Avro&#8217;dur. Fonların dağılımı aşağıdaki gibidir: <br /><br /></p><table class="table-format" border="1" cellspacing="0" cellpadding="0"><tbody><tr><td valign="top"><p><strong>Faaliyet </strong></p></td><td valign="top"><p><strong>Bütçe</strong></p></td></tr><tr><td valign="top"><p>Gönüllü Projeleri</p></td><td valign="top"><p><strong>€</strong><strong>792.008</strong></p></td></tr><tr><td valign="top"><p>Dayanışma Projeleri</p></td><td valign="top"><p><strong>€</strong><strong>146.102</strong></p></td></tr><tr><td valign="top"><p>Gönüllü Dayanışma Faaliyetleri için Kalite İşareti</p></td><td valign="top"><p><strong>€</strong><strong>96.731</strong></p></td></tr></tbody></table>								</div>
				</div>
					</div>
		</div>
					</div>
		</section>
				</div>

<p>Bu Ulusal Çağrı, Avrupa Dayanışma Programı ve 2024 Avrupa Dayanışma Programı yıllık çalışma programını [C(2023) 5902] oluşturan 20 Mayıs 2021 tarihli ve 2021/888 sayılı Avrupa Parlamentosu ve Konsey Tüzüğüne (AB) dayanan AB Teklif Çağrısını tamamlayıcı niteliktedir. Avrupa Dayanışma Programı 2021-2027&#8230;</p>
